Let o(u) be the second derivative of u**4/12 + u**3/6 - u**2 - 4*u. Calculate o(-4).
10
Let f(q) = 7*q**2 + 6*q - 7. Let j(z) = -z - 8*z**2 + 5 - 6*z + 3. Let u(c) = 7*f(c) + 6*j(c). What is u(-1)?
0
Suppose -5*l + 3*f - 9 = -l, -l + 19 = -5*f. Let p(r) = r**2 + 3 - 4 - 6*r - 2*r**2. Calculate p(l).
-1
Let u(t) = -14*t**2 - 32*t - 32. Let g(d) = 5*d**2 + 11*d + 11. Let j(w) = 11*g(w) + 4*u(w). Calculate j(-5).
3
Let i = -4 + 7. Let q(s) = -2*s**3 + 3*s**2 + 3*s + 2. What is q(i)?
-16
Let h(t) = 0*t**2 + 4*t**2 + 4*t - t. Suppose l + 8 = -3*l. Calculate h(l).
10
Let d(n) = -21 + n + 9 + 10. What is d(3)?
1
Let b(h) = -h + 3. Let d(m) = m**3 - 5*m**2 + 2*m - 7. Let g be d(5). Suppose -g*l = l. Calculate b(l).
3
Let g(h) = -2*h - 11. Let j(t) = -t - 5. Let p(o) = -4*g(o) + 9*j(o). Let i(y) = -y**2 - 7*y + 2. Let k be i(-7). Calculate p(k).
-3
Suppose -2*y + 16 = -6*y. Let z(q) = 6*q - q**2 + q**2 + 1 + 2*q**2 - q**2. Give z(y).
-7
Let q(b) = 5*b - 1. Let r(x) = x**3 - 7*x**2 - 8*x - 3. Let t be r(8). Let c be 0 + 6/t + 3. Determine q(c).
4
Suppose 9 = 2*y - 3. Suppose l = -3*t + y*l + 15, 4*l + 12 = 2*t. Suppose t = 2*o - 5*o - 15. Let v(r) = r**3 + 6*r**2 + 6*r. What is v(o)?
-5
Let f(i) = i**3 + 8*i**2 + 7*i - 6. Let n = -21 + 14. What is f(n)?
-6
Let y(r) = -3*r**2 - 1 + 5*r**2 + 12*r**2 - 2*r. Give y(-1).
15
Let y = -3 + 4. Let x(f) be the third derivative of -1/30*f**5 + 0*f - 2*f**2 - 1/12*f**4 + 0 + 1/6*f**3. Give x(y).
-3
Let t(r) = -12*r. Let z(f) = f**2 - 10*f - 12. Let k be z(11). Calculate t(k).
12
Suppose 0 + 7 = -7*r. Let k(c) = -2*c. Calculate k(r).
2
Suppose -5*g + 3*h = -h - 13, -2*g + 4*h - 2 = 0. Suppose g*y + 0 - 10 = 0. Let w(t) = -t**3 + 2*t - 2. What is w(y)?
-6
Suppose 0*h + 20 = -5*h. Let z be h/(-2) - 2/(-1). Suppose -z*g + 2 = -10, -6 = 5*b - 2*g. Let f(m) = m**3 + m**2 + m + 5. Determine f(b).
5
Let o(f) = f + 14. Let t = 30 - 21. Let d be (18/(-4))/(t/12). Calculate o(d).
8
Let y(i) be the second derivative of -1/6*i**3 + i + 5/2*i**2 + 0. Give y(7).
-2
Let f = -7 - -5. Let c(p) = p**3 + p**2 - p + 2. What is c(f)?
0
Let r(i) be the third derivative of -3/2*i**3 + 0 - 1/24*i**4 + 1/60*i**5 - 5*i**2 + 0*i. Calculate r(0).
-9
Let i(a) = -2*a**3 - 2*a**2 + a + 1. Suppose 0 = 2*l - b + 3 - 0, 2*b = 5*l + 8. Give i(l).
7
Let n = -33 + 32. Let k(a) = 12*a**3 + 2*a**2 + 2*a + 1. Determine k(n).
-11
Let h be 12*((-1)/(-4))/((-21)/(-56)). Let w(z) = -z + 10. What is w(h)?
2
Let h(c) = 7*c**2 - 11 + 2*c - 6*c**2 + 7. Determine h(-3).
-1
Let n(g) = -1 + 9*g**2 - 4*g - 8*g**2 - g. Give n(5).
-1
Let t(s) = 2*s**3 - 17*s**2 - 9*s + 15. Let m(u) = u**3 - 9*u**2 - 4*u + 8. Let y(i) = -5*m(i) + 3*t(i). Give y(7).
5
Let h(o) be the second derivative of o**3/6 + o**2 - 17*o. Give h(2).
4
Let z(q) = -q**3 + 8*q**2 - q - 1. Let g be z(8). Let p = -10 - g. Let c be (-8)/((p - -3) + -4). Let s(j) = -j**3 + 5*j**2 - 6*j + 5. Calculate s(c).
-3
Let t(c) = -5 + 7 + 17*c - 16*c. Give t(4).
6
Let v(l) = -323 + 316 + 2*l - 4*l. What is v(-5)?
3
Let n(p) be the third derivative of -p**5/60 + 7*p**4/24 - 5*p**3/3 - p**2 - 12. Determine n(7).
-10
Suppose -5*f + 80 = -0*f. Let d(w) = -w - 7. Let p(i) = 6*i + 36. Let j(n) = f*d(n) + 3*p(n). Let r = -10 - -15. Calculate j(r).
6
Let j be (-3 - 8/3) + (-4)/12. Let v(o) = o**2 + 6*o + 1. What is v(j)?
1
Let r(y) = y**2 + 1. Let v(c) = -2*c**2 + 7*c - 9. Let b(n) = 3*r(n) + v(n). Determine b(-6).
-12
Let q(h) = -3 - 1 - 2*h**2 - 2 + h**2. What is q(0)?
-6
Let y(i) = -i**3 + 9*i**2 - 7*i - 7. Let c = -6 + 14. Determine y(c).
1
Suppose 0*r + 4 = -g - r, -r = 3*g + 16. Let b be (-5)/((-5)/g) - -1. Let y(d) = -d**2 - 4*d + 3. Determine y(b).
-2
Let u(z) be the third derivative of -1/24*z**4 + 2*z**2 + 0*z - 1/6*z**3 + 0 - 1/120*z**5. Let d(l) be the first derivative of u(l). Calculate d(-1).
0
Let i(h) be the second derivative of -2*h - 1/20*h**5 - 2/3*h**3 + 0 - 5/12*h**4 + h**2. What is i(-4)?
2
Let y(h) = h**3 - 4*h**2 - 2. Let m be ((-10)/25)/((-2)/(-10)). Let g = m - -6. Calculate y(g).
-2
Suppose 8 = -2*x + 4*x. Let y(m) = 4 + m**3 - 3*m - 12*m - 3*m + 23*m - 6*m**2. Give y(x).
-8
Let b(q) be the first derivative of q**3/3 - 2*q**2 + q + 24. Determine b(4).
1
Suppose 0 = 4*c - 7*c. Let q(w) = -8 + w**3 - 5*w**2 + 6*w**2 + c*w**3 + w + 0*w**3. Give q(0).
-8
Let u = -22 + 28. Let x(y) = y + 3 + y**3 - 4*y**2 - 11 - 2*y**2. Give x(u).
-2
Let p(n) = -n**3 - 3*n**2 + n - 4. Suppose -35 = -6*u - 53. What is p(u)?
-7
Let n(u) be the first derivative of -3*u**2/2 - u + 22. Determine n(-2).
5
Let z(c) = -3*c - 3. Let g(w) = 6*w + 5. Let k(s) = 3*g(s) + 5*z(s). Suppose -2*x + 4*b - 7 = -b, -5*x + 5*b - 10 = 0. Determine k(x).
-3
Let n be (-128)/(-9) + (-10)/45. Suppose j - 2*u - n = -2, 3*u = -4*j - 7. Let l(r) = 4*r**3 + 2 - 4*r**3 - j*r**3 + r**3. Give l(2).
-6
Let r(u) be the third derivative of u**4/24 + u**3/3 + 18*u**2. Determine r(-5).
-3
Let d(o) = 5*o**2 + 25 - 2*o - 10 - 18 - o**3. Let a = 8 + -4. Determine d(a).
5
Let c(f) = f**2 - 5*f + 7. Let z(j) = -j**3 - 4*j**2 + 4*j - 3. Let r be z(-5). Let o(n) = 0*n + 1 - n - r*n + 3. Let x(w) = 4*c(w) - 7*o(w). Determine x(-1).
3
Let b(w) = w**2 - 7*w + 7. Let t(q) = -q + 1. Let f be t(-5). Determine b(f).
1
Let i = 6 + 1. Let y = i - 5. Suppose -a - 2 = -y*a. Let b(p) = p - 2. What is b(a)?
0
Let j(p) = -16*p**2 - 10*p + 10. Let h(t) = -5*t**2 - 3*t + 3. Let f(z) = -7*h(z) + 2*j(z). Let q(l) = l**2 - l + 1. Let u be q(0). Calculate f(u).
3
Let x = 1 - 1. Let s be (x - 3)/(3/(-2)). Let v(n) = 6 - s + n - 2*n. Give v(3).
1
Let j(o) = -o**3 + 2 - 1 - 5 - 3*o**2 - o. Suppose -22 + 4 = k - 5*w, 0 = 4*w - 12. Give j(k).
-1
Let x(m) = 4*m**2 - 5*m - 5. Let q be (5 - 0)*9/9. Let w(z) = 3*z**2 - 4*z - 4. Let u(h) = q*x(h) - 6*w(h). Determine u(-1).
2
Let x(s) = -2*s**3 + 2*s**2 + 3*s - 3. Let r(i) = -2*i + 18. Let g = -9 - -17. Let t be r(g). What is x(t)?
-5
Let n = -6 + 2. Let f(o) = o**2 + 3*o. Calculate f(n).
4
Let c be 2/(-3) - (-31)/(-3). Let i = -17 - c. Let q(p) = p**2 + 8*p. Give q(i).
-12
Suppose 0 = -4*h - 20, 2*h + 9 = 2*z - 7. Let t be 2 + -2 - (0 + z). Let f(n) = -n**3 - 2*n**2 + 5*n + 4. What is f(t)?
-2
Let d = -1 - -9. Let a(x) = -2*x + 10. Let k be a(d). Let q(u) = -u**2 - 5*u + 3. Calculate q(k).
-3
Let d(h) = h**2 - 7*h + 6. Let v be d(4). Let b(i) = i**2 + 5*i - 1. Give b(v).
5
Let c(v) be the second derivative of v**7/2520 + v**6/144 + v**4/6 + 2*v. Let l(q) be the third derivative of c(q). Calculate l(-6).
6
Let b(l) = 2*l**2 + 0*l - l + 3*l**2. Give b(-1).
6
Suppose -30*y + 24 = -36*y. Let r(j) = j + 5. Give r(y).
1
Let w(v) = -v**2 - 7*v + 5. Let c(n) = -6*n**2 - 36*n + 26. Let q(j) = -2*c(j) + 11*w(j). Calculate q(5).
3
Let o = -4 - -8. Let h(z) = z - 4. Give h(o).
0
Let r(y) = 8 - 2 + 0 + y - 5*y. Let j = -1 - -5. What is r(j)?
-10
Let g(t) = t**2 - 7*t + 1. Suppose -4 = -y + 2. What is g(y)?
-5
Let d(y) = 0*y**3 + 6 - y**3 - 3*y**2 - 4. Let s = 9 + -5. Let a = -7 + s. Determine d(a).
2
Let s(g) = -231*g - 7 + g**2 - 1 + 236*g. Calculate s(-6).
-2
Let i(m) be the second derivative of m**3/6 + m**2/2 - 13*m. What is i(-7)?
-6
Suppose -4*z = -13 + 1. Let n = -12 - -11. Let s = n + z. Let t(w) = w**2 - 3*w - 2. What is t(s)?
-4
Let m(y) be the second derivative of -y**3/6 - y**2/2 - 2*y + 9. Determine m(0).
-1
Let f(n) = n**3 + 9*n**2 - n - 5. Let q be f(-9). Let y(l) = 7 + 2*l - q*l**2 + 5 - 9 + l**3. Give y(4).
11
Let z(c) = -3*c**3 - 2*c**2 + 2*c - 2*c + 1. Let x be (-2 - (0 + -1)) + 4. Suppose -x*l = -4*i - 7, 0 - 8 = -4*l + 4*i. Determine z(l).
-4
Let y = 7 - 7. Suppose 3*w = -2*l - 4, -5*l - 3*w + 8 = -y*l. Let a(j) = j**3 - 4*j**2 + j + 1. Give a(l).
5
Let l(q) be the first derivative of -2 + 5/6*q**3 + 4*q - 1/2*q**2 + 1/12*q**4. Let z(b) be the first derivative of l(b). Calculate z(-5).
-1
Suppose -3*i + 5 + 1 = 0. Let u(a) = -5*a + 0 + 2 - a**2 + 12*a + 2*a**i. Suppose o + 2 = -4. Give u(o).
-4
Let r(h) = -h**2 + 2 + 3*h + 2*h - 3*h. Give r(-2).
-6
Let p(j) = -4*j**3 + j**2 + 2*j + 1. Let g be p(-1). Let k(i) be the first derivative of 1/2*i**2 + 3*i - 1. Give k(g).
7
Let j be (4*3)/(4/10). Suppose 4*k = 2 - j. Let x(w) = w**3 + 6*w**2 - 5*w + 10. Let n be x(k). Let g(d) = -d - 1. Calculate g(n).
3
Let k(j) = j**3 + 8*j**2 - 8*j +